 52702. Determine h(-8).
-1134
Let o(z) = -2966061*z + 17796356. Calculate o(6).
-10
Let i(l) = -53480*l**2 - 588285*l - 55. What is i(-11)?
0
Let m(w) = -627*w + 178727. What is m(285)?
32
Let h(o) = -19896*o - 357398. Calculate h(-18).
730
Let u(y) = -6*y**2 + 116*y + 8265. What is u(48)?
9
Let u(s) = s**3 - 183*s**2 - 588*s + 107599. What is u(183)?
-5
Let r(q) = 101*q**3 + q**2 - 543*q + 541. Give r(1).
100
Let o(i) = -1119*i + 9098. What is o(7)?
1265
Let k(j) = 46780*j + 10010914. Give k(-214).
-6
Let g(n) = 312*n**2 - 5316*n + 245. Calculate g(17).
41
Let r(p) = -67*p**2 + 935*p - 80. Give r(14).
-122
Let u(g) = -2*g**3 - 304*g**2 + 4283*g - 688. Determine u(-165).
467
Let q(o) = 12*o**3 - 628*o**2 + 210*o - 110. What is q(52)?
-6
Let r(t) = 1031*t - 7943. What is r(8)?
305
Let v(q) = 2251*q + 15756. Calculate v(-7).
-1
Let p(s) = -318*s + 7110. Determine p(22).
114
Let v(h) = -7173*h - 480596. Determine v(-67).
-5
Let m(u) = 2780*u + 127905. Calculate m(-46).
25
Let h(f) = -29296*f - 2724511. What is h(-93)?
17
Let j(r) = -2*r**3 - 11*r**2 + 10*r + 25. Calculate j(-1).
6
Let o(h) = 14*h**2 + 7116*h - 12214. Calculate o(-510).
26
Let g(h) = 3*h**2 - 103*h + 1455. Determine g(17).
571
Let b(m) = m**2 - 253*m + 1532. What is b(7)?
-190
Let a(i) = -143*i**2 + 189*i + 328. What is a(-2)?
-622
Let n(k) = -4554*k**2 - 59189*k + 12. Calculate n(-13).
-157
Let h(n) = 33*n**3 - 19*n**2 + 15*n - 5. Calculate h(3).
760
Let j(a) = -a**3 + 38981*a + 155836. Calculate j(-4).
-24
Let o(g) = 1245*g - 883931. What is o(710)?
19
Let o(k) = 5*k**2 + 26870*k - 242236. Determine o(9).
-1
Let l(c) = -20*c**2 - 154*c + 13141. Calculate l(22).
73
Let v(k) = 8*k**2 + 257*k + 1808. Calculate v(-8).
264
Let j(u) = -17*u**3 + 718*u**2 - 51*u - 4910. What is j(42)?
4
Let x(h) = -6577*h + 21. Give x(0).
21
Let f(n) = 700*n + 56016. Calculate f(-80).
16
Let x(j) = -149*j - 5651. Determine x(-38).
11
Let o(q) = -q**2 + 231*q - 8918. Determine o(49).
0
Let w(v) = 3*v**2 - 251*v + 4266. Calculate w(24).
-30
Let h(z) = z**3 + 31*z**2 - 457*z - 51. Give h(-42).
-261
Let h(v) = -v**2 + 11641*v - 174389. Calculate h(15).
1
Let x(w) = 13*w**3 + 92*w**2 - 1760*w - 12309. Determine x(-7).
60
Let t(n) = n**3 - 1453*n**2 - 16072*n + 349. Determine t(-11).
-3
Let x(v) = -27*v**3 + 77*v**2 - 58*v + 130. Give x(3).
-80
Let i(t) = t**2 + 110*t + 2861. Calculate i(-63).
-100
Let r(i) = i**2 - 3324*i - 226942. Determine r(-67).
255
Let l(h) = 28*h**3 - 3*h**2 - 20*h + 54. Give l(3).
723
Let n(v) = 1531*v - 15152. Determine n(12).
3220
Let i(h) = 30*h - 1884. What is i(51)?
-354
Let y(s) = s**2 - 60556*s - 121116. Give y(-2).
0
Let f(l) = l**2 + 1077*l + 151107. Calculate f(-166).
-119
Let g(t) = 5*t**2 + 120804*t - 724799. Determine g(6).
205
Let o(m) = -m**2 + 94*m + 11179. Give o(-69).
-68
Let w(x) = x**3 + 56*x**2 - 411*x + 669. What is w(4)?
-15
Let g(a) = 6*a**3 + 300*a**2 - 25*a - 1206. What is g(-50)?
44
Let r(c) = -c**2 + 6527*c - 336806. Determine r(52).
-106
Let a(g) = 41*g**2 - 58*g - 27. Calculate a(-2).
253
Let i(p) = 7*p**2 + 765*p - 4482. What is i(-115)?
118
Let t(z) = 33525*z + 1810351. What is t(-54)?
1
Let s(z) = 31659*z - 31644. Calculate s(1).
15
Let y(c) = 22*c**3 + c**2 - 176*c - 317. Determine y(-2).
-137
Let r(p) = -2*p**2 + 646*p - 20668. Give r(287).
-4
Let b(a) = a**3 - 44*a**2 + 3439*a + 107605. What is b(-22)?
3
Let x(y) = -6724*y + 94354. Give x(14).
218
Let p(v) = 90*v**2 + 2890*v + 520. Calculate p(-32).
200
Let y(k) = -k**3 - k**2 - 2641*k + 12. What is y(0)?
12
Let p(d) = d**3 + 25*d**2 - 315*d - 8401. What is p(-21)?
-22
Let c(m) = -1297*m - 73310. Give c(-58).
1916
Let x(i) = 7*i**2 + 5501*i + 193275. Calculate x(-749).
33
Let t(m) = 18872*m - 1528835. Calculate t(81).
-203
Let u(y) = 82*y**3 + 490*y**2 + 16*y + 141. Calculate u(-6).
-27
Let d(m) = 2*m**3 + 2302*m**2 + 229025*m + 565. Give d(-110).
15
Let v(r) = r**3 + 147*r**2 + 686*r - 3425. Calculate v(-142).
-17
Let c(q) = -q**2 - 21*q + 170832. Calculate c(403).
-40
Let n(q) = -769*q - 16105. Determine n(-21).
44
Let c(p) = 262*p - 35747. Determine c(137).
147
Let k(o) = o**2 - 1141*o + 14923. What is k(13)?
259
Let r(o) = o**3 + 3*o**2 - 1296*o + 3826. What is r(3)?
-8
Let g(r) = 282243*r + 1128918. What is g(-4)?
-54
Let g(r) = -162*r**2 - 2879*r + 672. Give g(-18).
6
Let k(z) = z**3 - 12*z**2 - 3734*z + 44799. Determine k(12).
-9
Let c(f) = -15*f**3 - 83*f**2 + 94*f + 393. Determine c(-6).
81
Let y(h) = 5*h**3 + 1432*h**2 - 855*h + 1654. Determine y(-287).
-68
Let k(c) = 2296*c + 5847. Give k(-2).
1255
Let v(h) = 40185*h + 1647589. Give v(-41).
4
Let l(g) = 3078*g + 452393. Determine l(-147).
-73
Let i(x) = 3011*x - 298067. Determine i(99).
22
Let n(f) = -f**2 - 3640*f + 158301. What is n(43)?
-68
Let o(r) = -5*r**3 - 281*r**2 - 3935*r + 331. Give o(-30).
481
Let c(j) = -3*j**2 - 1501*j - 5967. What is c(-4)?
-11
Let c(l) = 7816*l + 554909. Determine c(-71).
-27
Let v(f) = -2*f**2 + 168195*f - 840931. Determine v(5).
-6
Let s(j) = 4*j**2 + 631*j - 24281. Calculate s(32).
7
Let u(z) = -z**3 + 66*z**2 + 366*z - 552. Calculate u(71).
229
Let a(m) = m**3 - 129*m**2 + 3036*m - 73. Calculate a(98).
-269
Let w(f) = 6597*f - 72823. Calculate w(11).
-256
Let b(k) = 22*k**2 + 9*k + 86. Determine b(0).
86
Let p(n) = -214*n - 117. Give p(4).
-973
Let f(u) = -526*u + 9171. What is f(17)?
229
Let t(u) = -4*u**3 - 57*u**2 + 71*u + 363. Calculate t(-15).
-27
Let l(a) = -2445*a + 124224. Give l(51).
-471
Let d(x) = -27*x**2 - 4444*x + 6294. What is d(-166)?
-14
Let d(h) = 6*h**2 - 384*h - 6001. What is d(77)?
5
Let q(j) = 10898*j - 43595. Give q(4).
-3
Let y(b) = -3391*b - 23739. Give y(-7).
-2
Let y(b) = -24*b**2 - 1584*b + 6580. Give y(4).
-140
Let l(m) = -25*m**2 - 377*m + 634. Calculate l(-18).
-680
Let i(k) = -30*k**2 - 151*k + 11240. What is i(17)?
3
Let s(x) = -18731*x + 936612. Give s(50).
62
Let p(n) = -n**3 - 195*n**2 - 1805*n - 312535. Determine p(-194).
-1
Let v(n) = 2*n**2 - 260*n - 7437. Give v(-24).
-45
Let u(f) = 4198*f - 503766. Calculate u(120).
-6
Let f(r) = 5*r**3 + 954*r - 1916. Give f(2).
32
Let i(q) = -385*q - 3391. What is i(-7)?
-696
Let o(r) = 476*r**3 + 291*r**2 + 579*r - 1. What is o(-2)?
-3803
Let l(k) = -23*k**2 + 663*k + 106046. Determine l(-55).
6
Let f(t) = 1009*t + 33501. Determine f(-30).
3231
Let j(s) = s**3 - 185*s**2 + 547*s - 74. Determine j(182).
108
Let d(b) = -3*b**2 - 203*b + 304. Calculate d(-75).
-1346
Let o(b) = 477*b - 4972. Calculate o(13).
1229
Let j(a) = a**3 - 54*a**2 + 659*a - 527. What is j(37)?
583
Let w(r) = r**3 + 26*r**2 - 190*r - 6124. Give w(-22).
-8
Let t(s) = 2*s**2 - 53*s - 13361. Give t(96).
-17
Let b(p) = 235*p - 7213. What is b(34)?
777
Let v(z) = -1660*z + 568460. Determine v(342).
740
Let x(f) = 2038*f - 140327. Calculate x(69).
295
Let a(z) = -15*z**2 + 2303*z + 24535. What is a(-10)?
5
Let d(m) = m**3 - 98*m**2 - 1683*m - 1316. Calculate d(113).
40
Let y(c) = -c**3 + 4*c**2 - 5669*c + 39821. Give y(7).
-9
Let n(g) = -6700*g - 984915. Give n(-147).
-15
Let h(w) = 158*w + 2862. Determine h(-19).
-140
Let q(z) = -7*z**3 + 961*z**2 + 584*z + 14632. Calculate q(138).
4
Let w(h) = -333*h - 12456. What is w(-37)?
-135
Let q(j) = 16*j**2 + 558*j + 3717. What is q(-9)?
-9
Let i(c) = -4*c**3 - 6*c**2 - 16*c - 28. Calculate i(-3).
74
Let x(f) = 3*f**2 - 728*f + 27144. Give x(46).
4
Let o(d) = 5*d**2 + 6428*d + 95307. What is o(-15)?
12
Let t(s) = 825*s - 10698. Calculate t(13).
27
Let t(f) = 6247*f + 1230682. Give t(-197).
23
Let s(b) = 419*b - 24848. Determine s(59).
-127
Let h(b) = 4382*b + 210329. Calculate h(-48).
-7
Let r(a) = -2*a**2 + 385*a - 18506. Calculate r(98).
16
Let h(j) = 4*j**3 - 490*j**2 - 209*j - 3964. Give h(123).
587
Let d(u) = 91*u**3 + 6*u**2 + 562*u + 1678. Give d(-3).
-2411
Let o(k) = -4286*k - 30114. Give o(-7).
-112
Let r(d) = -d**3 - 14*d**2 + 279414*d + 2515136. What is r(-9)?
5
Let c(z) = 36*z**2 + 845*z - 846. Give c(1).
35
Let c(v) = -420*v - 87363. Determine c(-218).
4197
Let h(q) = 3*q**2 - 29*q + 180. Give h(-7).
530
Let t(h) = -219*h**3 + 5*h**2 + 12*h + 9. Determine t(-1).
221
Let c(j) = -1074*j - 62322. Give c(-58).
-30
Let x(s) = -54*s**2 - 32*s + 159. Calculate x(4).
-833
Let i(m) = 27428*m + 109393. What i